nits digit of o?
7
Let j be 30/4*108/162 - 3. Suppose x - 2 = -4*v - 3, 4*v - x = 9. What is the tens digit of ((-55)/20 + j)/(v/(-132))?
9
Suppose -355013 = -68*n + 262087. What is the units digit of n?
5
What is the thousands digit of 5527/(((-10)/(-1) - 9)/1)?
5
Suppose t + 6*h = 5*h + 20107, 3*t + 9*h - 60327 = 0. What is the units digit of t?
6
Let o(h) = -2*h - 1. Let k be o(-2). Suppose 3*m + 2*s - 2348 = 0, s + 4*s - 2351 = -k*m. What is the hundreds digit of m?
7
Suppose 4*h = -3*m, 0*m + m = h. Let r(s) = 3*s + 9. Let k be r(m). Suppose -13*b + 128 = -k*b. What is the units digit of b?
2
Let o be 6/(-27) - 29/(-9). Suppose -o*d - 35 = -5*f, -3*f - 10 = -5*d - 47. Suppose -5*h + 218 = 2*p - 13, f*h = -p + 114. What is the tens digit of p?
1
Let w be 3/12*214 - (-75)/(-50). Suppose 6*b = w*b - 34316. What is the tens digit of b?
4
Let r = 20 - 19. Suppose -w = 4*a + 4*w - 7, -a - 2*w + r = 0. Suppose 0 = 5*q + a*v - 200, -2*v + v + 40 = q. What is the tens digit of q?
4
Suppose 65*l + 6 = 68*l. Suppose 0 = -13*b + 8*b + 5, l*k = -2*b + 108. What is the units digit of k?
3
Suppose -3*j - 2*y = -17, 11 = 3*j - 5*y + 1. Suppose 280 = j*b - 9*b. What is the tens digit of (2 + -4)*-2*b/(-5)?
5
Let h(v) = -v**3 + v**2 - 4*v - 4. Let w be h(-5). Suppose 3*x - w = 80. Suppose -5*t = -3*t - x. What is the units digit of t?
1
Let q = -24222 + 35161. What is the thousands digit of q?
0
Let r = 25 + -21. Suppose -8*s + 139 = v - 13*s, -5*s + 456 = r*v. What is the hundreds digit of v?
1
Let j = -81 - -120. What is the tens digit of (-13)/j + 417/9?
4
Let n(j) = -j**3 + 18*j**2 + 2*j - 16. Let l(y) = -2*y**2 - 25*y - 20. Let x be l(-11). Let w be n(x). Suppose -17*g + w = -14*g. What is the tens digit of g?
8
Let v(g) = 23*g**3 - 5*g**2 + 3*g. Suppose 1 - 17 = -8*k. What is the hundreds digit of v(k)?
1
Let j = 33 + -35. Let l be (17 - 74) + j*1. Let f = l - -92. What is the units digit of f?
3
Let c = 279 + -247. What is the tens digit of c - 28 - (0 - 129)?
3
Suppose -196 = -11*h - 9. Suppose h*z = 11*z + 10536. What is the tens digit of z?
5
Let y = -74 + 77. Suppose -y*l = 3*j - 6*l - 2340, 4*j = -l + 3110. What is the units digit of j/15 + 12/90?
2
Suppose s - 4 = -0*s, w + 508 = 5*s. What is the units digit of 75/(-15) - w/1?
3
Let m(i) = i**3 + 34*i**2 + 7*i + 21. What is the thousands digit of m(-32)?
1
Let h = -1209 - -2987. Suppose 2*r = -5*q + 1818, -2*r - 2*q = -7*q - h. What is the units digit of r?
9
Suppose 4*q - 44 = -4*a, 3*a = -2*a - 20. Suppose -2*x = -p - 0*x - 8, 0 = 3*x - q. Suppose 2*r - 85 = -n, 2*n + p*n - 2*r = 340. What is the tens digit of n?
8
Let v(u) be the third derivative of -169*u**6/120 + u**5/30 - u**3/6 - 14*u**2. Let j be v(-1). Let n = j - 116. What is the tens digit of n?
5
Suppose 12997 + 5543 = 9*d. Suppose 671*t + d = 676*t. What is the tens digit of t?
1
Let g = -115 - -63. Let v be 5 + g/12 - 119/3. Let d = v + 116. What is the tens digit of d?
7
Let k = 1850 - 1290. Suppose 2*x + 1389 = 3*t, -3*t - k = x - 1940. What is the hundreds digit of t?
4
Let h be (-3)/(-7) - 13710/(-105). Suppose -h = -i + 8. What is the tens digit of i?
3
Suppose 2*b - 5*r = 34, -19*r + 16*r = 4*b - 16. Let c = 734 - b. What is the units digit of c?
7
Suppose 3 = 24*h + 3. Suppose h*o - 1011 = -3*o + 5*r, 2*r = 4*o - 1334. What is the units digit of o?
2
Let y = 6844 + -3997. What is the units digit of y?
7
Suppose 0 = i + 59*q - 56*q - 14185, -8*q = 4*i - 56732. What is the tens digit of i?
7
Let p = 62665 + 4623. What is the thousands digit of p?
7
Let k be 4 + 0*(-7)/(-7). Suppose k*y - 180 = 4*t, t + 9 = 6. What is the units digit of y?
2
Let i(c) = -311*c - 5840. What is the thousands digit of i(-117)?
0
Let m = -14546 + 14351. Let x be 724/2 - (-1 + 1). Let f = m + x. What is the units digit of f?
7
Let w = 26 - 24. Suppose 3*v - w = 10. What is the units digit of ((-156)/(-16))/(v/16)?
9
Suppose -37*z = -34*z - 6. Suppose -2*h - 6*j - 510 = -j, -z*j = 2*h + 504. Let w = h + 508. What is the tens digit of w?
5
Suppose 2*b - 3*n + 361 = 0, 3*n = b + 213 - 34. Let d = b - -87. Let y = 2 - d. What is the units digit of y?
7
Suppose 25*l - 10 = 23*l. Suppose 7*w - l*w = 0. Suppose w = i - 3, s - 5*i = -s + 127. What is the tens digit of s?
7
Let q be (38/6 + 3)/((-1)/(-141)). Let r = -7 - -19. Suppose r*t - q - 1300 = 0. What is the units digit of t?
8
Let u(j) = 65058*j**2 + 31*j - 33. What is the ten thousands digit of u(1)?
6
Let k = -105 - -63. Let n = -42 - k. Suppose 5*v - 4*v + 4*i - 30 = n, 0 = 3*v + 3*i - 99. What is the units digit of v?
4
What is the hundreds digit of -16 + (-999)/(-63) - (-262628)/14?
7
Let k(n) = 10201 - 10389 - 67*n - 71*n. What is the units digit of k(-4)?
4
Suppose -4*z - 4*y + 1872 = -y, -4*y = 0. Let w be (-6)/9*(-11331)/6. Suppose -z = 7*l - w. What is the tens digit of l?
1
Let y be 7/(-28)*(-513 - -5). Let a = y - -187. What is the units digit of a?
4
Let f(b) = 40*b**2 + 3*b + 7. Let g(u) = -121*u**2 - 7*u - 20. Let l(w) = -11*f(w) - 4*g(w). What is the tens digit of l(3)?
8
Let s = 149 - 152. Let d be (1 + -1)*(-4)/8. What is the tens digit of 38 + (s + d + 3)/(-1)?
3
Suppose -25*a + 151830 = 17*a. What is the tens digit of a?
1
Let a(p) = 5*p**2 - 4*p - 6. Let o be a(2). What is the tens digit of (-22)/33 + 154/o?
2
Let t(g) = -4*g**3 + 12*g**2 + 45*g + 208. What is the ten thousands digit of t(-16)?
1
What is the hundreds digit of 8/(-76) - (-14 - 1305780/228)?
7
Suppose 3*h - 5*o = -3*o + 26408, 2*h = -3*o + 17601. What is the units digit of h?
2
Let k be (4 - (11 + -5)) + (-481)/1. Let g = k + 947. What is the hundreds digit of g?
4
Let y(t) = 11*t**2 - 24*t + 4. Let n be y(2). Suppose -2*b - 5*m + 652 = n, -5*b + 1592 = -16*m + 19*m. What is the hundreds digit of b?
3
Suppose 164 = -4*k + 248. Suppose 0 = -25*j + k*j + 7304. What is the thousands digit of j?
1
Let d(q) = -6*q - 68*q**2 + 35*q**2 + q**3 + 34*q**2 + 401. What is the hundreds digit of d(0)?
4
Let i be ((-1)/(-3))/((-6)/(72/(-1))). Suppose -3*m = -a + i*a - 9, -4*a = m - 12. Suppose 2*h + 2*h - 364 = m. What is the units digit of h?
1
Let y = 20644 - -34524. What is the thousands digit of y?
5
Let m(k) = -k**3 + 14*k**2 + 5*k + 8. Let h be m(12). What is the units digit of h/(-2)*(7 - 13)?
8
Let j = -3443 + 8940. What is the units digit of j?
7
Suppose -3*h = -3, -c + h + 4*h = -475. Let j = c + -245. Suppose -6*f + v = -f - j, 3*v = 2*f - 94. What is the units digit of f?
7
Let y = -662 + 155. Let f = 127 + y. What is the tens digit of f/(-16) + (-2)/(16/(-2))?
2
Let f = 2034 + -779. Let a = f + -877. What is the tens digit of a?
7
Let h = 176 + 31. Let i = h - 107. What is the hundreds digit of i?
1
Let q(i) = -21 + 2 - 20*i + i**2 + 0. Let a be q(21). Suppose 3*v - 3*x - 45 = 0, -v - 5*x + 45 = a*v. What is the units digit of v?
5
Suppose 2*u - 4*t + 0*t = 54, 3*u = -2*t + 81. Let a be (18/u)/((-2)/(-15)). Suppose 0 = -l - 4*z - z + 54, 2*l - 93 = a*z. What is the units digit of l?
9
Suppose a + 2*a - w + 147 = 0, 4*a = -5*w - 177. What is the units digit of a/312 + 10014/26?
5
Suppose 2*q + 2*d - 2460 = -10, 0 = -2*q + 4*d + 2468. What is the hundreds digit of q?
2
Let q = -13 - -19. Suppose a + q*z + 1540 = z, -4 = z. What is the hundreds digit of ((-42)/8)/(30/a)?
2
Let z = 235 - -441. Let t = z + -5. What is the tens digit of t?
7
Let y(i) = 3*i - 6. Let u be y(4). Suppose 0 = -u*j - j + 357. What is the tens digit of j?
5
Let d = -31 + 258. Suppose -8*n + 369 = -3*n + y, 0 = -3*n + 5*y + d. Suppose -n = -f - 29. What is the units digit of f?
5
Let o = -3969 - -11688. What is the units digit of o?
9
Let n = -201 - -513. Suppose 2*f - 332 = n. What is the tens digit of f?
2
Let q = -40 - -35. Let h = q - -163. What is the hundreds digit of h?
1
Let d(w) = w**3 + 102*w**2 - 394*w - 20. What is the thousands digit of d(-99)?
8
Let f be 0*(-2)/(-6) + 1. Let a = -345 + 361. What is the tens digit of (4/(48/87))/(f/a)?
1
Let o(g) = -g**2 - 9*g + 2. Let c be o(-9). Suppose c*j - 1596 = -4*j. What is the hundreds digit of j?
2
Let c = 29318 - 17372. What is the hundreds digit of c?
9
Let v be 3*4/3 - -1. Suppose -45*l + 41*l + r + 6 = 0, 5*l + 2*r - 14 = 0. Let x = l + v. What is the units digit of x?
7
Suppose -2